= -82 + 510. Suppose -1074 = -4*n + 5*w, 0 = -n + 5*w + g - 152. What are the prime factors of n?
2, 7, 19
Suppose -3*n - 79 = -5*b, -2*b - 3*b = 2*n + 11. Let y = 40 - n. List the prime factors of y.
2, 29
Suppose -19*k = -12*k - 6181. What are the prime factors of k?
883
Let o(r) = 227*r**2 - 6*r + 2. List the prime factors of o(1).
223
Suppose -4*v + a = 27, 9 + 0 = -2*v - a. Let y be 1 - v - (-1 + 1). Let m(z) = z + 7. What are the prime factors of m(y)?
2, 7
Let m(y) = y + 2. Let u be m(3). Let a be 2 - (2/1 + -2). Suppose -u*z + a = -3, 0 = -s - 3*z + 49. What are the prime factors of s?
2, 23
Let w be 54/(2*(-6)/16). Let a be (-18)/(-4)*24/9*-10. Let p = w - a. List the prime factors of p.
2, 3
Suppose 7*o - 500 = 1033. Suppose 4*n - 117 = o. List the prime factors of n.
2, 3, 7
Let u = 265 - 179. Suppose 0*i + u = i. What are the prime factors of i?
2, 43
List the prime factors of 3 + 23/(-7) + 39702/91.
2, 109
Let m(h) = h**3 - 4*h**2 + h - 6. Let g be (-3)/(0 - 4/(-12)). Let w be (-18)/(-4) - g/18. List the prime factors of m(w).
2, 3
Suppose 2 = -4*s - b - 19, -2*b = s + 7. Let x(w) = -w**3 + w**2 + 8*w + 4. List the prime factors of x(s).
2, 3, 19
Let o(x) = 1 - 3 + 6 + 3*x. Let w be 62/8 - ((-120)/(-32) - 3). What are the prime factors of o(w)?
5
Let j(l) = l - 9. Let n be j(13). Let i(b) = 77*b - 33. What are the prime factors of i(n)?
5, 11
List the prime factors of 1042375/225 - 2/(-9).
41, 113
Suppose -2*z + 5 = -1. Let f be 3/z*(3 + -12). Let v(l) = -l**3 - 9*l**2 - 2*l + 8. What are the prime factors of v(f)?
2, 13
List the prime factors of (9/(216/(-8368)))/(2/(-6)).
2, 523
What are the prime factors of 4910/5 - (6 + 0)?
2, 61
Suppose -4*o = 5*d - 31, -5*d + 6*o - 5 = o. Suppose -3*t + 12 = 0, -398 - 209 = -5*a - d*t. Let u = -83 + a. List the prime factors of u.
2, 3
Suppose 0 = -13*m + 10*m + 1377. List the prime factors of m.
3, 17
Suppose 15615 = 14*r - 569. List the prime factors of r.
2, 17
Suppose -719 = -4*h - 39. Let z = -7 + h. What are the prime factors of z?
163
Suppose 3*l + z - 125 = 0, 3*l - 2*l = -3*z + 39. Suppose 0 = 5*v - 5*p - 85, -3*v + l = -5*p - 11. List the prime factors of v.
2
Let m = 26 - 38. Let w be 366/8 + (-3)/m. Let z = 78 - w. List the prime factors of z.
2
Suppose -3*j + j - 62 = -5*d, 5*d = -j + 59. Suppose d = -3*i, -3*y = -y - 5*i + 26. Let h = -16 - y. What are the prime factors of h?
7
List the prime factors of (41574/130)/((-9)/(-30)).
2, 13, 41
Let r(t) = 152*t - 2. Let p be r(1). Suppose -p = -5*h + 25. Suppose 4*u = h - 11. What are the prime factors of u?
2, 3
Let v = 1718 + -767. What are the prime factors of v?
3, 317
Let u(d) = 5*d + 16. Let h be u(16). Suppose -708 = h*z - 100*z. What are the prime factors of z?
3, 59
Let y be ((-2)/(-1) - 15) + 1. Let i(f) = -f**2 - 11*f + 12. Let a be i(y). Suppose a*m - 27 = -m. What are the prime factors of m?
3
Let b(a) = a**3 - 8*a**2 + 8*a + 10. Let f be b(8). Let l(x) = -3*x**2 + 2. Let w be l(4). Let z = w + f. List the prime factors of z.
2, 7
Let y(l) = -13*l - 13. Let k(b) = -6*b - 7. Let c(z) = 9*k(z) - 4*y(z). Let w(g) = -g**3 - 6*g**2 + 3*g + 7. Let d be w(-6). What are the prime factors of c(d)?
11
Let d = 0 - -5. Suppose -d*f = -f. Suppose -4*i = -f*i + g - 38, i - 5*g = 20. List the prime factors of i.
2, 5
Let a(w) = -10*w**3 - 2*w**2 + 0*w**2 - 3*w + w**2 + w. What are the prime factors of a(-1)?
11
Let w = -15 - -22. Let g be (-40)/(-7) + 2/w. Suppose 8 = g*z - 5*z. List the prime factors of z.
2
Suppose 156*n + 35632 = 190*n. List the prime factors of n.
2, 131
Suppose 28 = -4*j - 4*h, 4*h + 30 = -2*j - 3*j. Let y = j - -23. List the prime factors of y.
3, 7
Suppose b = -2*m + 4*b + 13, 5*m - 4*b = 43. Suppose m*v = 16*v - 200. What are the prime factors of 10/v + (-7)/(-4)?
2
Suppose -107 = -c + 5*o, -2*c = -c - 2*o - 119. Let p = -52 + c. What are the prime factors of p?
3, 5
What are the prime factors of 343 - (-2)/4*2/1?
2, 43
Let i = -94 - -95. What are the prime factors of (-4 - (2 - i))*-53?
5, 53
Suppose 0 = 24*d - 27*d + 1500. Let n = d - 269. List the prime factors of n.
3, 7, 11
Suppose 4*w + 14 = -t, 3*t = 5*t - 2*w - 22. Let d(f) = -f + 7. Let q be d(t). What are the prime factors of (-4*5)/(q/(-2))?
2, 5
List the prime factors of 131 + (-9)/((-9)/(-2)).
3, 43
What are the prime factors of 0 + (-21456)/(-10) - (-672)/1680?
2, 29, 37
Suppose q = -2*m + 4*m - 10, 10 = 2*m + q. Suppose 0 = -5*g + 5*v + 105, -m*g + 0*v - 4*v + 78 = 0. What are the prime factors of g?
2, 3
List the prime factors of (-3*1864/(-24))/((-1)/(-3)).
3, 233
List the prime factors of 9 - 424/48 - 3550/(-12).
2, 37
Let c(o) = 2*o**3 + 4*o**2 - 7*o + 12. Let u be c(7). Suppose -t + u = 12*t. List the prime factors of t.
5, 13
Suppose 6*x = 17*x - 1837. List the prime factors of x.
167
Let c = 4 + 2. Suppose -15*l - 20 = -5*l. List the prime factors of ((-4)/c)/(l/102).
2, 17
What are the prime factors of (-2978)/(-10) - (-13)/65?
2, 149
Let c(f) = f**2 + 3*f - 7. Let v be 45/30*16/(-3). Let z be c(v). Let o = -11 + z. What are the prime factors of o?
2, 11
Let b(s) = s**3 + 7*s**2 - 2*s - 10. Let f be b(-7). Suppose -74 = -f*j - n, 6 = -j + 3*n + 18. List the prime factors of j + -2 + (-4)/(-2).
2, 3
Suppose 0 = 7*b - 2*b - 15. Suppose -2*l + 26 = b*z, 13 + 15 = 3*l - z. Let k = l + -2. List the prime factors of k.
2
Suppose -86 = -5*f + 4*c, 2*c + 2*c = -16. Suppose -4*q + f + 10 = 0. Suppose 5*i + q*j = j + 115, i = 3*j + 7. List the prime factors of i.
19
Suppose 5*q + 13 = 38, 2*z = 3*q - 1041. Let g be (1/(-3))/(9/z). Let a = 33 - g. What are the prime factors of a?
2, 7
Let l = -6026 + 10285. List the prime factors of l.
4259
Suppose 1 = u - 1. Suppose -2*f = 3*y - 54, 2*y + u*f - 36 = -f. List the prime factors of ((-3)/2)/((-1)/y).
3
Suppose -3*a = j + 27, -2*a + 5*j + 0*j - 18 = 0. Let f = 5 + a. List the prime factors of -25*(8/2)/f.
5
What are the prime factors of (4/2*-1 - -5) + 3061?
2, 383
Let l(t) = 2*t**3 + 11*t - 7. What are the prime factors of l(7)?
2, 3, 7
Let i(q) = -3*q**2 - 139*q + 104. List the prime factors of i(-44).
2, 103
List the prime factors of -6 - -11 - 109*-4.
3, 7
Let o = 498 + -265. What are the prime factors of o?
233
Suppose -10*a + 2489 = -2231. What are the prime factors of a?
2, 59
Suppose 0 = -2*r + 4*u + 544, 0 = 7*r - 5*r + 2*u - 520. Let z = 486 - r. List the prime factors of z.
2, 3, 37
Let v = -993 - -1759. List the prime factors of v.
2, 383
Let m = -134 + 134. Suppose m = 2*i + 5*n - 95, -3*i + 4*n + 86 = -68. What are the prime factors of i?
2, 5
Let a = 18 - 29. Let f = 14 + a. Suppose 4*k = f*k + 39. What are the prime factors of k?
3, 13
Let f = 256 + -804. Let j = f - -767. What are the prime factors of j?
3, 73
Let r(d) = 27*d**2 - 41*d - 23. List the prime factors of r(-5).
857
Let k(r) = r**3 - r**2 + 3*r - 6. Let d be k(2). Suppose -d*v + 8*v = 4*m + 1104, -v + 276 = 3*m. What are the prime factors of v?
2, 3, 23
Let h be (-104)/20 - 2/(-10). Let j = h + 61. What are the prime factors of j?
2, 7
Let l(a) = a**2 - 6*a - 7. Let h be l(7). Let x = -17 - -22. Suppose h = x*j - 6*j + 3*k - 4, 4*j - 3*k = 20. List the prime factors of j.
2
Let p be -8 - -11 - (4155/(-1))/(-3). What are the prime factors of 4/18 - (p/18 - 2)?
79
Let z be 1/(-3) + (-170)/(-51). Suppose -5*x = -3*x + z*v - 365, v + 564 = 3*x. What are the prime factors of x?
11, 17
Let f(b) = -b - b**2 + 0*b**2 + 10*b - 14. Let y be f(7). Suppose p + y*p = 8. What are the prime factors of p?
2
Let g = 29 + 9. Let v = 37 - 34. Suppose g = -m + v*m. List the prime factors of m.
19
Let x(g) = 34*g + 498. What are the prime factors of x(38)?
2, 5, 179
Let s(l) = -4*l**3 + 3*l**3 + 0*l**2 + l**2 - 3*l**3. Let z be s(-1). Suppose 2*m = 4*k - 200, 2*m - 62 = -z*k + 179. List the prime factors of k.
7
List the prime factors of -2*(-5 + (-3033)/6).
1021
Suppose -h = -4*a + 1039, 0*a - 516 = -2*a + 4*h. List the prime factors of a.
2, 5, 13
Suppose -2*g + v - 3 - 1 = 0, 0 = 4*v - 8. Let u(z) = z**2 + 4*z + 5. Let r be u(-5). Let b = r - g. List the prime factors of b.
11
Let s = -95 + 203. What are the prime factors of s?
2, 3
Let u(y) = 10*y**2 - 6*y + 6. What are the prime factors of u(-3)?
2, 3, 19
Let h = -3 + 5. Suppose h*z -